{"id":4311,"date":"2019-07-24T18:37:14","date_gmt":"2019-07-24T16:37:14","guid":{"rendered":"http:\/\/solvenza.interestelar.space\/?page_id=4311"},"modified":"2020-03-06T04:20:35","modified_gmt":"2020-03-06T10:20:35","slug":"terminos_y_condiciones","status":"publish","type":"page","link":"https:\/\/www.solvenza.hn\/solvenzahn\/terminos_y_condiciones\/","title":{"rendered":"T\u00e9rminos y condiciones"},"content":{"rendered":"<p>[vc_row row_space=\u00bbremove_padding\u00bb][vc_column][gva_block_heading title=\u00bbT\u00e9rminos y Condiciones\u00bb][vc_column_text]<\/p>\n<h3 style=\"text-align: left;\"><strong>MULTICREDITOS LA PAZ S.A.<\/strong><\/h3>\n<h3 style=\"text-align: left;\"><strong>T\u00c9RMINOS Y CONDICIONES <\/strong><\/h3>\n<h3 style=\"text-align: left;\"><strong>SITIO WEB <\/strong><\/h3>\n<p><strong>\u00a0<\/strong><\/p>\n<h5><strong>1.- CONDICIONES GENERALES Y ACEPTACI\u00d3N DEL USUARIO<\/strong><\/h5>\n<p>El acceso a este Sitio es gratuito y solo est\u00e1 condicionado a la aceptaci\u00f3n y cumplimiento de estos T\u00e9rminos y Condiciones. El ingreso a, o registro en, este Sitio otorga a la persona el car\u00e1cter de \u201cUSUARIO\u201d e implica una aceptaci\u00f3n a las cl\u00e1usulas, condiciones, advertencias y t\u00e9rminos de uso que a continuaci\u00f3n se indican. <strong>SOLVENZA\/MULTICREDITOS LA PAZ, S.A. <\/strong>se reserva el derecho de modificar y actualizar unilateralmente estos T\u00e9rminos y Condiciones de Uso de este Sitio.<\/p>\n<p>&nbsp;<\/p>\n<p><strong>Los T\u00e9rminos y Condiciones que rigen son los \u00faltimos publicados en el Sitio.<\/strong><\/p>\n<p>&nbsp;<\/p>\n<p>Esta aceptaci\u00f3n se entender\u00e1 otorgada desde el momento en que el Usuario usa y\/o se registra en el Sitio. El desconocimiento por parte del Usuario de estos T\u00e9rminos y Condiciones de Uso no implicar\u00e1 la no aplicaci\u00f3n de las disposiciones y cl\u00e1usulas contenidas en los mismos.<\/p>\n<p>Este Sitio es solamente de car\u00e1cter informativo y relacional, y tiene por objeto dar informaci\u00f3n a los Usuarios sobre los productos, servicios, promociones y cualquier informaci\u00f3n que <strong>SOLVENZA\/MULTICREDITOS LA PAZ, S.A. <\/strong>pueda considerar \u00fatil para los Usuarios.<\/p>\n<h5><\/h5>\n<h5><strong>2.- MODIFICACI\u00d3N DE LA INFORMACI\u00d3N<\/strong><\/h5>\n<p><strong>SOLVENZA\/MULTICREDITOS LA PAZ, S.A. <\/strong>se reserva la facultad y el derecho de actualizar, modificar o eliminar, en parte o en todo, y sin expresi\u00f3n de causa, cualquier contenido o informaci\u00f3n publicada en este Sitio seg\u00fan lo estime conveniente, pudiendo hacer uso de tal facultad en cualquier momento y sin previo aviso. Este derecho abarca los contenidos referidos a disponibilidad o stock de productos o servicios, especificaciones, precio, o en cuanto a la configuraci\u00f3n y funcionalidades del Sitio o de la informaci\u00f3n de actividades promocionales.<\/p>\n<h5><\/h5>\n<h5><strong>3.- CONTENIDO DEL SITIO<\/strong><\/h5>\n<p>Los productos y servicios, las funcionalidades y las promociones que <strong>SOLVENZA\/MULTICREDITOS LA PAZ, S.A. <\/strong>describen en este Sitio est\u00e1n ofrecidos \u00fanicamente para el territorio nacional de la Rep\u00fablica de Honduras.<\/p>\n<p><strong>SOLVENZA\/MULTICREDITOS LA PAZ, S.A. <\/strong>no asume responsabilidad alguna por las discrepancias que pudiesen existir entre los materiales impresos (. En caso de discrepancia entre la versi\u00f3n impresa y la publicada en el Sitio, prevalecer\u00e1 la versi\u00f3n impresa, salvo lo establecido respecto a erratas y actualizaciones, de acuerdo a lo estipulado en el art\u00edculo 30 de la Ley de Protecci\u00f3n al Consumidor.<\/p>\n<h5><\/h5>\n<h5><strong>4.- NAVEGACI\u00d3N, ACCESO Y SEGURIDAD<\/strong><\/h5>\n<p>El acceso y navegaci\u00f3n en este Sitio supone aceptar y conocer las advertencias legales, condiciones y t\u00e9rminos de uso contenidas en el mismo.<\/p>\n<p><strong>SOLVENZA\/MULTICREDITOS LA PAZ, S.A. <\/strong>realizan los m\u00e1ximos esfuerzos para que el acceso y la navegaci\u00f3n en este Sitio se realicen en las mejores condiciones, evitando perjuicios de cualquier tipo que pudiesen ocasionarse durante los mismos.<\/p>\n<p><strong>SOLVENZA\/MULTICREDITOS LA PAZ, S.A. <\/strong>no se responsabilizan ni garantizan que el acceso a este Sitio sea ininterrumpido o que est\u00e9 libre de error, ni por las fallas en rendimiento, omisiones, interrupciones de servicio, defectos, demoras en la transmisi\u00f3n o fallas en las l\u00edneas de conexi\u00f3n. Tampoco se responsabiliza o garantiza que el contenido o software al que pueda accederse a trav\u00e9s de este Sitio, est\u00e9 libre de error o no cause da\u00f1os.<\/p>\n<h5><\/h5>\n<h5><strong>5.- OBLIGACIONES DEL USUARIO<\/strong><\/h5>\n<p>Sin perjuicio a lo antes expuesto, el Usuario se obliga a:<\/p>\n<p>5.1. Usar diligentemente el nombre de Usuario y las contrase\u00f1as personales asignadas al Usuario, en su caso.<\/p>\n<p>5.2. Usar el Sitio y toda propiedad intelectual en forma correcta, l\u00edcita y s\u00f3lo para fines de informaci\u00f3n personal, evitando hacer uso del mismo para fines comerciales o que puedan da\u00f1ar en cualquier forma a <strong>SOLVENZA\/MULTICREDITOS LA PAZ, S.A<\/strong><\/p>\n<p>5.3. Usar la informaci\u00f3n e im\u00e1genes en las formas permitidas por la ley, absteni\u00e9ndose de darles un uso que sea contrario a la moral, las buenas costumbres o al orden p\u00fablico.<\/p>\n<h5><\/h5>\n<h5><strong>6.- RESPONSABILIDAD DEL USUARIO<\/strong><\/h5>\n<p>El Usuario acepta que el uso de este Sitio es libre y voluntario, y que dichos usos y sus consecuencias son de exclusiva responsabilidad del Usuario. El Usuario reconoce que toda informaci\u00f3n, im\u00e1genes, documentaci\u00f3n y cualquier data an\u00e1loga es propiedad de <strong>SOLVENZA\/MULTICREDITOS LA PAZ, S.A.<\/strong><\/p>\n<h5><\/h5>\n<h5><strong>7- EXCLUSI\u00d3N DE GARANT\u00cdAS<\/strong><\/h5>\n<p><strong>SOLVENZA\/MULTICREDITOS LA PAZ, S.A <\/strong>ha realizado de buena fe este Sitio para ofrecer a sus usuarios productos y servicios confiables y seguros.<\/p>\n<p>No garantiza en caso alguno:<\/p>\n<ol>\n<li>La disponibilidad, continuidad, accesibilidad, funcionamiento, operatividad o calidad del Sitio.<\/li>\n<li>La ausencia de virus u otros elementos perjudiciales o que impliquen impedimento a la utilizaci\u00f3n del Sitio.<\/li>\n<\/ol>\n<h5><\/h5>\n<h5><strong>8.- DERECHOS DE PROPIEDAD INTELECTUAL E INDUSTRIAL DE PROPIEDAD DE SOLVENZA\/MULTICREDITOS LA PAZ, S.A. <\/strong><\/h5>\n<p>La totalidad de la informaci\u00f3n que contiene este Sitio, ser\u00e1 considerada para todos los efectos legales propiedad de<strong> SOLVENZA\/MULTICREDITOS LA PAZ, S.A.<\/strong><\/p>\n<p>Los derechos de propiedad intelectual de estas p\u00e1ginas, de las pantallas que muestran estas p\u00e1ginas, de la informaci\u00f3n y material que aparecen en las mismas y de su disposici\u00f3n, pertenecen a <strong>SOLVENZA\/MULTICREDITOS LA PAZ, S.A. \u00a0<\/strong>Este Sitio y los contenidos que alberga se encuentran protegidos por las leyes de Propiedad Industrial e Intelectual, y por los tratados internacionales suscritos y ratificados por Honduras. Estos contenidos no podr\u00e1n ser objeto de explotaci\u00f3n, reproducci\u00f3n, distribuci\u00f3n, modificaci\u00f3n, comunicaci\u00f3n p\u00fablica, cesi\u00f3n o transformaci\u00f3n, ni de ning\u00fan otro acto jur\u00eddico por parte de un tercero no autorizado expresamente y por escrito por <strong>SOLVENZA\/MULTICREDITOS LA PAZ, S.A.<\/strong> El acceso a este Sitio no otorga al Usuario derecho, ni titularidad alguna sobre los derechos de propiedad intelectual de los contenidos que alberga este Sitio.<\/p>\n<p>Todas las marcas, logotipos, dise\u00f1os, frases de propaganda, y en general todos los signos distintivos mostrados en este Sitio son propiedad de<strong> SOLVENZA\/MULTICREDITOS LA PAZ, S.A. <\/strong>Tambi\u00e9n pueden ser propiedad de terceros o empresas ligadas que han autorizado el uso de los mismos a <strong>SOLVENZA\/MULTICREDITOS LA PAZ, S.A. <\/strong>Se proh\u00edbe a los Usuarios y a terceros usar estos signos distintivos, descargarlos permanentemente, copiarlos o distribuirlos por cualquier medio sin el permiso escrito de <strong>SOLVENZA\/MULTICREDITOS LA PAZ, S.A. <\/strong>o de la tercera empresa titular de los derechos.<\/p>\n<h5><\/h5>\n<h5><strong>9.- POL\u00cdTICA DE PROTECCI\u00d3N DE DATOS PERSONALES<\/strong><\/h5>\n<p>Esta pol\u00edtica tiene como objeto la protecci\u00f3n y el respeto de los derechos de las personas naturales a tener su vida privada y familiar, correspondencia privada y comunicaciones. Esto incluye el derecho a ser informado de manera oportuna, clara, veraz y suficiente, esto en estricto apego a la Ley de Protecci\u00f3n al Consumidor (art\u00edculo 22) y tomar decisiones respecto del procesamiento de sus datos personales. Conforme a lo anterior, se entender\u00e1 por:<\/p>\n<p>&#8211; Datos personales: Cualquier informaci\u00f3n relativa a una persona natural identificada o identificable.<\/p>\n<p>&#8211; Datos sensibles: Aquellos datos personales que se refieren a las caracter\u00edsticas f\u00edsicas o morales de las personas o a hechos o circunstancias de su vida privada o intimidad, tales como lo h\u00e1bitos personales, el origen racial, las ideolog\u00edas y opiniones pol\u00edticas, las creencias o convicciones religiosas.<\/p>\n<p>&#8211; Titular de los datos: La persona natural identificada o identificable a la que se refieren los datos personales.<\/p>\n<p>&#8211; Receptor: cualquier persona natural o jur\u00eddica, autoridad p\u00fablica, agencia o cualquier otra entidad a quien se le revelen los datos personales, sea o no un tercero. Sin embargo, las autoridades que puedan recibir datos personales en el marco de una consulta particular no ser\u00e1n consideradas receptores.<\/p>\n<p>&#8211; Procesamiento de datos personales: cualquier operaci\u00f3n o conjunto de operaciones que se realice respecto de los datos personales, sea o no por medios automatizados, que permitan recolectar, almacenar, grabar, organizar, elaborar, adaptar, alterar, seleccionar, usar, extraer, consultar, confrontar, interconectar, disociar, comunicar, ceder, transferir, revelar, diseminar, transmitir, alinear, cancelar, bloquear, borrar o destruir datos personales, o utilizarlos en cualquier otra forma.<\/p>\n<p>&#8211; Transferencia de datos personales: Cualquier transferencia de datos personales que sean objeto de procesamiento o que se pretendan procesar despu\u00e9s de su transferencia a trav\u00e9s de l\u00edmites nacionales.<\/p>\n<p>&#8211; Base de datos: Conjunto organizado de datos personales, sea automatizado o no, cualquiera sea la forma o modalidad de su creaci\u00f3n u organizaci\u00f3n, que permita relacionar los datos entre s\u00ed, as\u00ed como realizar todo tipo de procesamiento de datos. La visita a este Sitio no supone que el Usuario est\u00e9 obligado a proporcionar sus datos personales. En el caso de que el Usuario proporcione sus datos personales, dichos datos personales recogidos en este Sitio ser\u00e1n utilizados con el prop\u00f3sito, en la forma y con las limitaciones y derechos que recoge la legislaci\u00f3n nacional y tratados internacionales suscritos por Honduras.<\/p>\n<p>El prop\u00f3sito y el uso de los datos personales que el Usuario proporcione a <strong>SOLVENZA\/MULTICREDITOS LA PAZ, S.A. <\/strong>est\u00e1n recogidos en el texto legal del respectivo formulario que el Usuario complete en este Sitio. Los datos personales suministrados por los Usuarios no ser\u00e1n procesados de ninguna manera incompatible con los prop\u00f3sitos especificados inicialmente, sin informarles a, y obtener nuevamente autorizaci\u00f3n de, los Usuarios\/titulares de los datos personales respectivos.<\/p>\n<p>Los datos personales solicitados por <strong>SOLVENZA\/MULTICREDITOS LA PAZ, S.A. <\/strong>no ser\u00e1n excesivos en relaci\u00f3n con el prop\u00f3sito espec\u00edfico para el cual fueron solicitados.<\/p>\n<p>Al momento de recabar datos personales, el titular de los mismos debe dar a <strong>SOLVENZA\/MULTICREDITOS LA PAZ, S.A. <\/strong>su consentimiento inequ\u00edvoco antes de que sus datos personales sean procesados. Este consentimiento puede ser obtenido por medios electr\u00f3nicos, siempre que el mismo sea gratuito e inequ\u00edvoco. Hacer clic en los botones \u201cproceder\u201d, \u201caceptar\u201d o \u201ccontinuar\u201d en la pantalla ser\u00e1 suficiente para entender que el consentimiento ha sido otorgado de manera inequ\u00edvoca. El cliente autoriza a <strong>SOLVENZA (MULTICR\u00c9DITOS LA PAZ S.A)<\/strong> a confirmar toda la informaci\u00f3n proporcionada, incluyendo la revisi\u00f3n en las centrales de riesgo privadas, cuando sea necesario.<\/p>\n<p>Los Usuarios que faciliten sus datos personales, consienten inequ\u00edvocamente la incorporaci\u00f3n de los mismos en una base de datos de la que ser\u00e1n responsables<strong> SOLVENZA\/MULTICREDITOS LA PAZ, S.A. <\/strong>as\u00ed como del procesamiento o no de los datos personales. Esta informaci\u00f3n ser\u00e1 tratada con sumo cuidado y con la mayor seguridad posible y s\u00f3lo se utilizar\u00e1 de acuerdo a los l\u00edmites establecidos en este documento y a los l\u00edmites impuestos por las leyes y tratados internacionales suscritos por Honduras.<\/p>\n<p>Los datos personales deber\u00e1n ser veraces. <strong>SOLVENZA\/MULTICREDITOS LA PAZ, S.A.) <\/strong>S\u00f3lo re\u00fane datos personales cuando estos son proporcionados directamente por los Usuarios del Sitio.<\/p>\n<p><strong>SOLVENZA\/MULTICREDITOS LA PAZ, S.A. <\/strong>utiliza los datos personales proporcionados por sus Usuarios para los fines directos por los cuales se entregan y para difundir ofertas de productos o de servicios, para informar novedades de productos o servicios que podr\u00edan ser de utilidad e inter\u00e9s y para personalizar y mejorar la relaci\u00f3n con sus clientes.<\/p>\n<p><strong>SOLVENZA\/MULTICREDITOS LA PAZ, S.A. <\/strong>ha adoptado las medidas t\u00e9cnicas y organizativas necesarias para garantizar la seguridad e integridad de los datos personales, as\u00ed como para evitar su alteraci\u00f3n, p\u00e9rdida accidental, destrucci\u00f3n, tratamiento o acceso no autorizado. Las medidas adoptadas por <strong>SOLVENZA\/MULTICREDITOS LA PAZ, S.A. <\/strong>ser\u00e1n proporcionales a los riesgos involucrados en el procesamiento de los datos personales. No obstante, en la actualidad ning\u00fan sistema es completamente seguro o libre de ataques.[\/vc_column_text][\/vc_column][\/vc_row][vc_section el_id=\u00bbboton-get\u00bb][vc_row][vc_column][\/vc_column][\/vc_row][\/vc_section][vc_section el_id=\u00bbboton-get\u00bb][vc_row][vc_column][vc_btn title=\u00bbIniciemos\u00bb style=\u00bbflat\u00bb shape=\u00bbsquare\u00bb color=\u00bbsuccess\u00bb size=\u00bblg\u00bb align=\u00bbcenter\u00bb i_icon_fontawesome=\u00bbfa fa-arrow-circle-right\u00bb button_block=\u00bbtrue\u00bb add_icon=\u00bbtrue\u00bb link=\u00bburl:%2Fsolvenzahn%2Finiciemos%2F|title:Iniciemos||\u00bb el_class=\u00bbget-started\u00bb][\/vc_column][\/vc_row][\/vc_section]<\/p>\n","protected":false},"excerpt":{"rendered":"<p>[vc_row row_space=\u00bbremove_padding\u00bb][vc_column][gva_block_heading title=\u00bbT\u00e9rminos y Condiciones\u00bb][vc_column_text] MULTICREDITOS LA PAZ S.A. T\u00c9RMINOS Y CONDICIONES SITIO WEB \u00a0 1.- CONDICIONES GENERALES Y ACEPTACI\u00d3N DEL USUARIO El acceso a este Sitio es gratuito y solo est\u00e1 condicionado a la aceptaci\u00f3n y cumplimiento de estos T\u00e9rminos y Condiciones. El ingreso a, o registro en, este Sitio otorga a la persona [&hellip;]<\/p>\n","protected":false},"author":4,"featured_media":0,"parent":0,"menu_order":0,"comment_status":"closed","ping_status":"closed","template":"","meta":{"om_disable_all_campaigns":false,"_uf_show_specific_survey":0,"_uf_disable_surveys":false,"cybocfi_hide_featured_image":""},"aioseo_notices":[],"_links":{"self":[{"href":"https:\/\/www.solvenza.hn\/solvenzahn\/wp-json\/wp\/v2\/pages\/4311"}],"collection":[{"href":"https:\/\/www.solvenza.hn\/solvenzahn\/wp-json\/wp\/v2\/pages"}],"about":[{"href":"https:\/\/www.solvenza.hn\/solvenzahn\/wp-json\/wp\/v2\/types\/page"}],"author":[{"embeddable":true,"href":"https:\/\/www.solvenza.hn\/solvenzahn\/wp-json\/wp\/v2\/users\/4"}],"replies":[{"embeddable":true,"href":"https:\/\/www.solvenza.hn\/solvenzahn\/wp-json\/wp\/v2\/comments?post=4311"}],"version-history":[{"count":15,"href":"https:\/\/www.solvenza.hn\/solvenzahn\/wp-json\/wp\/v2\/pages\/4311\/revisions"}],"predecessor-version":[{"id":5480,"href":"https:\/\/www.solvenza.hn\/solvenzahn\/wp-json\/wp\/v2\/pages\/4311\/revisions\/5480"}],"wp:attachment":[{"href":"https:\/\/www.solvenza.hn\/solvenzahn\/wp-json\/wp\/v2\/media?parent=4311"}],"curies":[{"name":"wp","href":"https:\/\/api.w.org\/{rel}","templated":true}]}}