{"id":4315,"date":"2019-07-24T18:41:10","date_gmt":"2019-07-24T16:41:10","guid":{"rendered":"http:\/\/solvenza.interestelar.space\/?page_id=4315"},"modified":"2020-03-06T04:19:29","modified_gmt":"2020-03-06T10:19:29","slug":"politica-de-privacidad","status":"publish","type":"page","link":"https:\/\/www.solvenza.hn\/solvenzahn\/politica-de-privacidad\/","title":{"rendered":"Polit\u00edca de privacidad"},"content":{"rendered":"<p>[vc_row row_space=\u00bbremove_padding\u00bb][vc_column][gva_block_heading title=\u00bbPol\u00edtica de privacidad\u00bb][vc_column_text]<\/p>\n<h4><strong>Pol\u00edtica de Privacidad \u00a0<\/strong><\/h4>\n<p>Solvenza comprometida con la seguridad de la informaci\u00f3n de sus usuarios, ha creado la presente Pol\u00edtica de Privacidad. Te invitamos a que la leas detenidamente. Cuando te pedimos llenar los campos de informaci\u00f3n personal con la cual puedas ser identificado, lo hacemos asegurando que s\u00f3lo se utilizar\u00e1 de acuerdo con los t\u00e9rminos de este documento denominado Pol\u00edtica de Privacidad.<\/p>\n<h4><strong>Informaci\u00f3n Solicitada<\/strong><\/h4>\n<p>Puedes visitar nuestro sitio web sin necesidad de proveer tu Informaci\u00f3n personal. Si tienes inter\u00e9s en obtener informaci\u00f3n adicional sobre nuestras promociones, notificaciones, servicios, o productos generalmente requerimos que nos proporciones tu informaci\u00f3n de contacto, como nombre, domicilio, tel\u00e9fono, fecha de nacimiento, estado civil, identidad, direcci\u00f3n de correo electr\u00f3nico o nombre de usuario y contrase\u00f1a. Esta informaci\u00f3n luego se utiliza para contactarte en relaci\u00f3n al inter\u00e9s mostrado en los productos y servicios que ofrecemos. Al hacer clic en los botones \u201cproceder\u201d, \u201caceptar\u201d o \u201ccontinuar\u201d en la pantalla ser\u00e1 suficiente para entender que el consentimiento ha sido otorgado de manera inequ\u00edvoca.<\/p>\n<p>EL sitio web contiene un formulario para uso de clientes que desean continuar con el proceso de solicitud de cr\u00e9dito. Si est\u00e1s interesado en obtener un cr\u00e9dito con nosotros, debes completar la informaci\u00f3n con los campos b\u00e1sicos que es nombre completo, Identidad, fecha de nacimiento, celular y direcci\u00f3n de correo electr\u00f3nico, una vez finalizada y das clic en bot\u00f3n \u201cenviar,\u201d autorizas autom\u00e1ticamente a Solvenza a consultar en las centrales de riesgo tu condici\u00f3n crediticia y a recibir informaci\u00f3n relevante de cr\u00e9dito<\/p>\n<h4><strong>Uso de la informaci\u00f3n <\/strong><\/h4>\n<p>Nuestro sitio web emplea la informaci\u00f3n con el fin de proporcionar el mejor servicio posible, particularmente para mantener un registro de usuarios, y mejorar nuestros productos y servicios. \u00a0Es posible que sean enviados correos electr\u00f3nicos o mensajes peri\u00f3dicamente a trav\u00e9s de nuestro sitio con notificaciones, \u00a0ofertas especiales, nuevos productos y otra informaci\u00f3n publicitaria que consideremos relevante para ti o que pueda brindarte alg\u00fan beneficio, estos correos electr\u00f3nicos o mensajes ser\u00e1n enviados a la direcci\u00f3n que tu proporciones y podr\u00e1n ser cancelados en cualquier momento.<\/p>\n<p>En Solvenza estamos altamente comprometidos para cumplir con la promesa de mantener tu informaci\u00f3n segura. Usamos los sistemas m\u00e1s avanzados y los actualizamos constantemente para asegurarnos que no exista ning\u00fan acceso no autorizado.<\/p>\n<h4><strong>Cookies<\/strong><\/h4>\n<p>Las cookies se refieren a un paquete de datos que se env\u00eda con la finalidad de solicitar permiso para almacenarse en la computadora, sirven para tener informaci\u00f3n respecto al tr\u00e1fico web, y tambi\u00e9n facilita las futuras visitas a la p\u00e1gina web de forma recurrente. Tienes la opci\u00f3n de impedir la generaci\u00f3n de cookies, mediante la selecci\u00f3n de la correspondiente opci\u00f3n de bloqueo, sin embargo, la desactivaci\u00f3n de estas puede impedir el buen funcionamiento del sitio web.<\/p>\n<h4><strong>Claves de Acceso<\/strong><\/h4>\n<p>El acceso a algunos servicios y datos personales est\u00e1 restringido por el uso de una clave personal, la que es individual y exclusiva de cada usuario y por consiguiente, por tu seguridad se recomienda no compartirla con otras personas, y al momento de finalizar tu visita al sitio, hacer efectivo el cierre de la sesi\u00f3n.<\/p>\n<p>En todo momento, el usuario es el responsable \u00fanico y final de mantener en secreto sus claves de acceso.<\/p>\n<h4><strong>Enlaces a Terceros<\/strong><\/h4>\n<p>Este sitio web contiene enlaces a otros sitios. Una vez que hagas clic en estos enlaces y abandones nuestra p\u00e1gina, ya no tenemos control sobre al sitio al que es redirigido y por lo tanto no somos responsables de los t\u00e9rminos o privacidad ni de la protecci\u00f3n de sus datos en esos otros sitios terceros. Dichos sitios est\u00e1n sujetos a sus propias pol\u00edticas de privacidad por lo cual es recomendable que los consultes para confirmar que est\u00e1s de acuerdo.<\/p>\n<h4><strong>Control de tu informaci\u00f3n personal<\/strong><\/h4>\n<p>El acceso a tus datos puede estar disponible a terceros que proveen el soporte t\u00e9cnico para el mantenimiento y operaci\u00f3n del sitio. Podemos divulgar la informaci\u00f3n que poseemos en casos relacionados al cobro de valores que se adeudan a nuestra empresa.<\/p>\n<p>Solvenza, queda autorizada para compartir informaci\u00f3n con empresas del grupo Inversiones La Paz.<\/p>\n<p>En cualquier momento puedes restringir la recopilaci\u00f3n o el uso de la informaci\u00f3n personal que es proporcionada a nuestro sitio web.\u00a0 Cada vez que se te solicite rellenar un formulario, como el de alta de usuario, puedes marcar o desmarcar la opci\u00f3n de recibir informaci\u00f3n por correo electr\u00f3nico. \u00a0En caso de que hayas marcado la opci\u00f3n de recibir nuestro bolet\u00edn o publicidad puedes cancelarla en cualquier momento.<\/p>\n<p>Solvenza no vender\u00e1, ceder\u00e1 ni distribuir\u00e1 la informaci\u00f3n personal que es recopilada sin tu consentimiento, salvo que sea requerido por un juez con una orden judicial.<\/p>\n<p>Solvenza se reserva el derecho de cambiar los t\u00e9rminos de la presente Pol\u00edtica de Privacidad en cualquier momento. Por lo que te recomendamos y enfatizamos a revisar continuamente esta p\u00e1gina para asegurarte que est\u00e1s de acuerdo con dichos cambios.[\/vc_column_text][\/vc_column][\/vc_row][vc_section el_id=\u00bbboton-get\u00bb][vc_row][vc_column][vc_btn title=\u00bbIniciemos\u00bb style=\u00bbflat\u00bb shape=\u00bbsquare\u00bb color=\u00bbsuccess\u00bb size=\u00bblg\u00bb align=\u00bbcenter\u00bb i_icon_fontawesome=\u00bbfa fa-arrow-circle-o-right\u00bb button_block=\u00bbtrue\u00bb add_icon=\u00bbtrue\u00bb link=\u00bburl:%2Fsolvenzahn%2Finiciemos%2F|title:Iniciemos||\u00bb el_class=\u00bbget-started\u00bb][\/vc_column][\/vc_row][\/vc_section]<\/p>\n","protected":false},"excerpt":{"rendered":"<p>[vc_row row_space=\u00bbremove_padding\u00bb][vc_column][gva_block_heading title=\u00bbPol\u00edtica de privacidad\u00bb][vc_column_text] Pol\u00edtica de Privacidad \u00a0 Solvenza comprometida con la seguridad de la informaci\u00f3n de sus usuarios, ha creado la presente Pol\u00edtica de Privacidad. Te invitamos a que la leas detenidamente. Cuando te pedimos llenar los campos de informaci\u00f3n personal con la cual puedas ser identificado, lo hacemos asegurando que s\u00f3lo se [&hellip;]<\/p>\n","protected":false},"author":4,"featured_media":0,"parent":0,"menu_order":0,"comment_status":"closed","ping_status":"closed","template":"","meta":{"om_disable_all_campaigns":false,"_uf_show_specific_survey":0,"_uf_disable_surveys":false,"cybocfi_hide_featured_image":""},"aioseo_notices":[],"_links":{"self":[{"href":"https:\/\/www.solvenza.hn\/solvenzahn\/wp-json\/wp\/v2\/pages\/4315"}],"collection":[{"href":"https:\/\/www.solvenza.hn\/solvenzahn\/wp-json\/wp\/v2\/pages"}],"about":[{"href":"https:\/\/www.solvenza.hn\/solvenzahn\/wp-json\/wp\/v2\/types\/page"}],"author":[{"embeddable":true,"href":"https:\/\/www.solvenza.hn\/solvenzahn\/wp-json\/wp\/v2\/users\/4"}],"replies":[{"embeddable":true,"href":"https:\/\/www.solvenza.hn\/solvenzahn\/wp-json\/wp\/v2\/comments?post=4315"}],"version-history":[{"count":15,"href":"https:\/\/www.solvenza.hn\/solvenzahn\/wp-json\/wp\/v2\/pages\/4315\/revisions"}],"predecessor-version":[{"id":5479,"href":"https:\/\/www.solvenza.hn\/solvenzahn\/wp-json\/wp\/v2\/pages\/4315\/revisions\/5479"}],"wp:attachment":[{"href":"https:\/\/www.solvenza.hn\/solvenzahn\/wp-json\/wp\/v2\/media?parent=4315"}],"curies":[{"name":"wp","href":"https:\/\/api.w.org\/{rel}","templated":true}]}}