{"id":612,"date":"2016-03-07T03:11:04","date_gmt":"2016-03-07T02:11:04","guid":{"rendered":"http:\/\/themesgavias.com\/wp\/winnex\/?page_id=612"},"modified":"2024-10-17T09:32:07","modified_gmt":"2024-10-17T15:32:07","slug":"conocenos","status":"publish","type":"page","link":"https:\/\/www.solvenza.hn\/solvenzahn\/conocenos\/","title":{"rendered":"Con\u00f3cenos"},"content":{"rendered":"<p>[vc_row row_space=\u00bbremove_padding\u00bb][vc_column][vc_row_inner][vc_column_inner][gva_block_heading title=\u00bbNuestra historia\u00bb align=\u00bbalign-left\u00bb desc=\u00bbSolvenza fue creada en 2015 como una compa\u00f1\u00eda de cr\u00e9dito independiente que atiende las necesidades crediticias de las personas y sus familias. Es miembro de Grupo Inversiones La Paz, un conglomerado de empresas de capital hondure\u00f1o. Solvenza, conocida anteriormente como el proveedor de cr\u00e9dito en tienda para Jetstereo, Motomundo y Yamaha, oper\u00f3 como Multicr\u00e9ditos La Paz hasta 2017, cuando fue renombrado Solvenza. La misi\u00f3n de Solvenza es entregar un enfoque propio al cr\u00e9dito a trav\u00e9s de opciones que pongan el control del cr\u00e9dito en manos de sus clientes.\u00bb][gva_block_heading title=\u00bbConoce m\u00e1s de Solvenza\u00bb align=\u00bbalign-left\u00bb desc=\u00bbSolvenza es un cr\u00e9dito que muchos de ustedes ya conocen, por m\u00e1s de veinte a\u00f1os hemos sido el cr\u00e9dito interno de Jetstereo, Motomundo y Yamaha, empresas que forman parte de Grupo Inversiones La Paz, fundado hace m\u00e1s de 50 a\u00f1os en Honduras.<\/p>\n<p>Hemos aprendido mucho de nuestros clientes a trav\u00e9s de los a\u00f1os y por tal raz\u00f3n, creamos Solvenza. Solvenza significa \u201csoluciones\u201d y ahora puedes obtener un nuevo cr\u00e9dito que te brinda soluciones a tus necesidades. Lo m\u00e1s importante, es que te permite usar el cr\u00e9dito como t\u00fa quieras, ya sea solicitando cr\u00e9dito en las tiendas de nuestros socios comerciales o simplemente obteniendo un pr\u00e9stamo en efectivo. Solvenza cambiar\u00e1 tu forma de pensar sobre el cr\u00e9dito.\u00bb][\/vc_column_inner][\/vc_row_inner][\/vc_column][\/vc_row][vc_section el_id=\u00bbEquipo\u00bb][vc_row disable_element=\u00bbyes\u00bb][vc_column][gva_block_heading title=\u00bbConoce parte del equipo\u00bb align=\u00bbalign-left\u00bb][\/vc_column][\/vc_row][vc_row disable_element=\u00bbyes\u00bb][vc_column width=\u00bb1\/2&#8243;][gva_icon_box title=\u00bbCynthia\u00bb description=\u00bbParte de nuestro equipo administrativo, atendiendo gestiones de seguros de nuestros clientes\u00bb image=\u00bb7731&#8243;][\/vc_column][vc_column width=\u00bb1\/2&#8243;][gva_icon_box title=\u00bbEdwin\u00bb description=\u00bbMiembro del departamento de Cr\u00e9ditos, supervisando el equipo que ayuda a aprobar las solicitudes de cr\u00e9dito.\u00bb image=\u00bb4835&#8243;][\/vc_column][\/vc_row][\/vc_section][vc_section][vc_row disable_element=\u00bbyes\u00bb][vc_column width=\u00bb1\/2&#8243;][gva_icon_box title=\u00bbAida\u00bb description=\u00bbMiembro de nuestro departamento de Cr\u00e9ditos, trabaja verificando la informaci\u00f3n proporcionada por los clientes en las solicitudes de cr\u00e9dito.\u00bb image=\u00bb4833&#8243;][\/vc_column][vc_column width=\u00bb1\/2&#8243;][gva_icon_box title=\u00bbGerardo\u00bb description=\u00bbEs parte de nuestro equipo de Call Center, proporcionando servicio al cliente de cobros.\u00bb image=\u00bb4834&#8243;][\/vc_column][\/vc_row][\/vc_section][vc_section el_id=\u00bbboton-get\u00bb][vc_row][vc_column][vc_btn title=\u00bbIniciemos\u00bb style=\u00bbflat\u00bb shape=\u00bbsquare\u00bb color=\u00bbsuccess\u00bb size=\u00bblg\u00bb align=\u00bbcenter\u00bb i_icon_fontawesome=\u00bbfa fa-arrow-circle-o-right\u00bb button_block=\u00bbtrue\u00bb add_icon=\u00bbtrue\u00bb link=\u00bburl:%2Fsolvenzahn%2Finiciemos%2F|title:Get%20Started||\u00bb el_class=\u00bbget-started\u00bb][\/vc_column][\/vc_row][\/vc_section]<\/p>\n","protected":false},"excerpt":{"rendered":"<p>[vc_row row_space=\u00bbremove_padding\u00bb][vc_column][vc_row_inner][vc_column_inner][gva_block_heading title=\u00bbNuestra historia\u00bb align=\u00bbalign-left\u00bb desc=\u00bbSolvenza fue creada en 2015 como una compa\u00f1\u00eda de cr\u00e9dito independiente que atiende las necesidades crediticias de las personas y sus familias. Es miembro de Grupo Inversiones La Paz, un conglomerado de empresas de capital hondure\u00f1o. Solvenza, conocida anteriormente como el proveedor de cr\u00e9dito en tienda para Jetstereo, Motomundo y [&hellip;]<\/p>\n","protected":false},"author":11,"featured_media":0,"parent":0,"menu_order":0,"comment_status":"closed","ping_status":"closed","template":"","meta":{"om_disable_all_campaigns":false,"_uf_show_specific_survey":0,"_uf_disable_surveys":false,"cybocfi_hide_featured_image":""},"aioseo_notices":[],"_links":{"self":[{"href":"https:\/\/www.solvenza.hn\/solvenzahn\/wp-json\/wp\/v2\/pages\/612"}],"collection":[{"href":"https:\/\/www.solvenza.hn\/solvenzahn\/wp-json\/wp\/v2\/pages"}],"about":[{"href":"https:\/\/www.solvenza.hn\/solvenzahn\/wp-json\/wp\/v2\/types\/page"}],"author":[{"embeddable":true,"href":"https:\/\/www.solvenza.hn\/solvenzahn\/wp-json\/wp\/v2\/users\/11"}],"replies":[{"embeddable":true,"href":"https:\/\/www.solvenza.hn\/solvenzahn\/wp-json\/wp\/v2\/comments?post=612"}],"version-history":[{"count":67,"href":"https:\/\/www.solvenza.hn\/solvenzahn\/wp-json\/wp\/v2\/pages\/612\/revisions"}],"predecessor-version":[{"id":9261,"href":"https:\/\/www.solvenza.hn\/solvenzahn\/wp-json\/wp\/v2\/pages\/612\/revisions\/9261"}],"wp:attachment":[{"href":"https:\/\/www.solvenza.hn\/solvenzahn\/wp-json\/wp\/v2\/media?parent=612"}],"curies":[{"name":"wp","href":"https:\/\/api.w.org\/{rel}","templated":true}]}}